third derivative of u**6/120 + u**5/60 - u**4/24 - 7*u**3/6 + 2*u**2. Suppose -41 = -y - 18. Let a = 23 - y. Calculate w(a).
-7
Let f = -3 - -6. Suppose -2*c - z - 6 = 0, -4*c - f*z - 15 + 1 = 0. Let q(x) = x - 3. Let o(y) = 1. Let k(n) = -4*o(n) - q(n). Determine k(c).
1
Suppose 3*l = 2*l + 3. Suppose -6 = 2*a - 4*j, -4 = -2*a - j - 0*j. Let k(x) = x - l - a + 0*x. Give k(5).
1
Let b be -5 + ((-125)/(-15) - 4 - -1). Let n(k) be the second derivative of 1/2*k**2 - b*k**4 + 0*k**3 + 0 - 1/20*k**5 + 2*k. What is n(-3)?
-8
Let l(d) be the second derivative of -d**5/20 + d**4/4 + d**3/3 - 2*d**2 - 87*d. What is l(3)?
2
Let u be (-2)/4*-4 + 2. Let l(s) be the second derivative of 0 - 3/2*s**2 + 1/3*s**3 - 10*s. Give l(u).
5
Let j be 32/(-24)*(-21)/2. Suppose -11*b = -j*b - 12. Let o(s) = -s**2 - 4*s + 1. Calculate o(b).
1
Let t(p) = -p. Let k(j) = 0 + 1 + j**2 - 2*j + j. Let i(d) = -k(d) - 2*t(d). What is i(2)?
1
Let u(h) = 6*h**2 - 2*h + 1. Let j be (4 + -2)/(-2)*11. Let c be (j - -7)*(-1)/2. Suppose 2 = c*m - 0. Determine u(m).
5
Let l(y) be the third derivative of 7*y**5/60 - 5*y**4/24 + 5*y**3/6 + y**2 + 18. Determine l(2).
23
Suppose -2*x + 9*x = -7. Let c(t) = 15*t**3 + 2*t**2 + t. Determine c(x).
-14
Let g(m) = -m**3 + m**2 + 1. Let k(w) = -4*w**3 - w**2 - w + 13. Let j(l) = 5*g(l) - k(l). Let d = 1 - -5. Calculate j(d).
-2
Let t(p) be the third derivative of 0 + 1/24*p**4 - 7/60*p**5 + 0*p - 3*p**2 + 0*p**3. Give t(-1).
-8
Let f(l) = 2*l. Let i be f(1). Suppose 0 = o + 1 - i. Let u(a) = 13*a - 11 + 19 - 11*a - 2*a**2 - 2*a**2 - 9. Give u(o).
-3
Let i(s) = 11*s**3 - 25*s**2 + 9*s - 12. Let q(c) = -5*c**3 + 12*c**2 - 4*c + 6. Let f(b) = 4*i(b) + 9*q(b). Suppose 7*a + 23 - 79 = 0. Give f(a).
6
Let x(o) = -o**3 + 9*o**2 - 5*o + 1. Let h = -98 + 106. Determine x(h).
25
Let l = -6 + 1. Let v(o) = 4*o - 1. Let a(c) be the third derivative of c**4/3 - c**3/2 - 94*c**2. Let b(p) = l*v(p) + 2*a(p). Determine b(2).
-9
Let l(o) = -3*o**2 - 2. Suppose -9*b + 8*b + 105 = 0. Let y be 1 - 10/14 - (-180)/b. Determine l(y).
-14
Let f(p) = p**3 + 2*p**2. Suppose 3*m = 4*s - 5, -2*m + 3 - 5 = -4*s. Give f(m).
-9
Let v(z) = -2*z**3 + 3*z**2 - 5*z + 6. Let g(l) = 8*l**3 - 9*l**2 + 17*l - 19. Let a(t) = 2*g(t) + 7*v(t). What is a(-3)?
-20
Let y(u) = -u + 2. Suppose p = 2*k - 3, 5*p + 1 = -2*k + 2*p. Let o(d) = k - 15 - d + 3*d. Let r be o(7). Determine y(r).
2
Let s(a) = a**2 - a + 1. Let g(o) = -6*o**2 + 3*o + 2. Let q(w) = g(w) + 5*s(w). Let z be 9*8/(-12) + 1. Determine q(z).
-8
Suppose -7*m + 294 = 49. Let l(b) = -2*b + 32 - m + 3*b. Calculate l(-8).
-11
Let w(b) be the second derivative of b**7/360 + b**6/720 - 3*b**4/2 + 25*b. Let d(i) be the third derivative of w(i). Determine d(-1).
6
Let j(x) = -x + 5. Let k(q) = -2*q + 11. Let r(h) = h**2 + 18*h - 34. Let n be r(-20). Let u(l) = n*k(l) - 13*j(l). What is u(6)?
7
Let t(j) = -j**2 + 14*j - 12. Let f be t(11). Let y = f + -14. Let s(h) = -2*h + 7. Determine s(y).
-7
Suppose n - 5*r - 35 = -4*n, -37 = -4*n - 5*r. Let d(y) = y - 6. Calculate d(n).
2
Let h(a) = 0 - 10 - 3 - 3*a + 0*a. Determine h(-6).
5
Let y(j) = -j**3 + j. Let k(q) = -6*q**2 + q + 5. Let l(b) = -k(b) + y(b). Let s be ((-45)/4 + 11)/((-3)/72). Calculate l(s).
-5
Let h(c) = 2 + c + 0*c + 2*c. Let t(i) = 5*i + 3. Let u(d) = -7*h(d) + 4*t(d). Let a(p) = p**2 - 6*p - 3. Let l be a(7). Calculate u(l).
-6
Let w(p) be the second derivative of -p**6/360 - p**5/120 + p**4/12 + 7*p**3/6 + 9*p. Let f(k) be the second derivative of w(k). Determine f(2).
-4
Let m be -5 - 6*2/(-4). Let i be (-1)/(1/(-2)) - m. Let z(h) = h**2 - 6*h - 1. Determine z(i).
-9
Let g(q) = 2*q**2 + 13*q + 7. Let c = -499 + 493. Determine g(c).
1
Let z(b) = 4*b + 10. Let y = -1824 - -1834. What is z(y)?
50
Let c(s) = s - s - 4 - s + 2*s. Let u(h) = -h**2 + 21. Let p be u(-4). Give c(p).
1
Let n(z) = -4*z + 9. Let h(w) = -2*w + 5. Let f(r) = -5*h(r) + 3*n(r). Let x = -33 + 49. Suppose x*d - 12*d = 24. Calculate f(d).
-10
Let c(w) = -w**3 - w**2 - w - 20. Let g(u) = -u**3 - 9*u**2 - 9*u + 16. Let l be g(-8). Let a = -24 + l. Determine c(a).
-20
Suppose 9 + 11 = 4*l. Suppose -6 = 4*s - 3*n - 1, 0 = -3*s + l*n - 1. Let g(v) = v**2 - 10*v - 1 + 0 + 10*v. Determine g(s).
3
Let k(a) = -6*a - 16. Let x be k(-3). Let q(i) be the third derivative of -5/3*i**3 + 0 + 6*i**x - 1/12*i**4 + 0*i. Calculate q(-7).
4
Let l = -25 - -14. Let b(q) = 37*q**3 + 53*q**2 + 50*q - 8. Let t(i) = 13*i**3 + 18*i**2 + 17*i - 3. Let f(n) = 6*b(n) - 17*t(n). What is f(l)?
3
Let s(j) = -j**2 + 43*j - 193. Let x be s(38). Let r(b) = b**3 + 3*b**2 + 2*b + 2. Calculate r(x).
-4
Let m(h) = 12*h**3 + 15*h**2 - 7*h + 3. Let y(t) = 5*t**3 + 8*t**2 - 3*t + 2. Let k(s) = 2*m(s) - 5*y(s). Give k(-10).
-14
Let d(t) = -2*t + 17*t + 4 - 3 - 10*t. Calculate d(-6).
-29
Suppose 6*q + 48 = -12. Let o be (q - -3) + 4 - 3. Let d(w) = -w**3 - 7*w**2 - 2*w + 4. Determine d(o).
-20
Let w(x) = -3*x + 3. Let f(s) = -s**3 + 4*s**2 + s + 4. Let r be f(4). Suppose i = 3*i - r. Let o = i + -2. Calculate w(o).
-3
Let b(w) be the third derivative of -w**6/120 + w**5/5 - 13*w**4/24 + 7*w**3/3 + 115*w**2. What is b(11)?
-8
Let w(b) = -b**2 - 4*b - 4. Let c(n) = -4*n**3 + 2*n**2 - 1. Let z(i) = i**2 - 4*i - 1. Let s be z(4). Let j be c(s). Suppose 15 + j = -4*r. Give w(r).
-9
Suppose -74*u + 72 = -82*u. Let m(p) = -p - 4. Calculate m(u).
5
Suppose -6 + 0 = -3*m. Let c(w) = 13*w - 2 + 4*w**3 - 2 - 14*w - 2*w**m + 5. Calculate c(2).
23
Let t(p) = 4*p + 4. Let w(r) = 4*r + 3. Let k(h) = 4*t(h) - 5*w(h). Let d(y) = -3*y + 6. Let f be d(4). Let u = f - -5. Determine k(u).
5
Suppose 0 = 3*s - 2*s. Let v(z) be the first derivative of z**4/4 - z**3/3 - z**2/2 + 6*z - 42. What is v(s)?
6
Suppose 21*k - 10 = 16*k. Let g(t) = t + 12. Let v be g(-7). Let m(j) = v*j - 13*j**k + 3 + 14*j**2 - 1. What is m(-4)?
-2
Let w(d) = -8*d + 14. Let z(u) = 15*u - 30. Let q(v) = 7*w(v) + 4*z(v). Give q(10).
18
Let v(w) be the second derivative of w**5/20 - w**4/3 + w**3/6 + w**2 + 497*w. Calculate v(3).
-4
Let t be ((-13)/7 + 1)/((-36)/168). Let b(h) = -39*h**2 + 16*h**2 + 24*h**2 + t*h. Determine b(-3).
-3
Let q = 1128 - 1126. Let r(x) = 4*x**3 + x**2 - 2*x - 1. Calculate r(q).
31
Let j(o) = -o + 3. Let x be j(4). Let w be 4 - -3 - (1 - x). Let i(p) be the first derivative of p**4/4 - 2*p**3 + 3*p**2 - p + 97. What is i(w)?
4
Let s(h) = h + 10. Let p(c) = -c**3 - 14*c**2 - 6*c + 12. Let z be p(-13). Let w = z + 79. Calculate s(w).
10
Let g(a) = -2*a + 6. Let t(v) = 3*v - 6. Let r(n) = -2*g(n) - 3*t(n). Let c be (-1 - 0) + 13/(-13). Let h(u) = -u. Let x(z) = c*h(z) + r(z). What is x(4)?
-6
Let d = -26 + 27. Let r be 171/45 - d/(-5). Suppose n - 2*n = -r*l - 4, -n + 1 = -l. Let x(q) = q**3 - q**2 - 2*q - 1. Calculate x(l).
-1
Let n(q) be the first derivative of -8*q**3/3 - q + 11. Let a be n(-1). Let v(m) = m**2 + 9*m + 8. Calculate v(a).
8
Let m(n) = -n**3 + 7*n**2 - 6*n - 4. Let l be -3*1*100/(-60). Suppose -3*b - b - 4*d + 4 = 0, l*b + 4*d = 10. Give m(b).
-4
Let g = 946 - 941. Let h(s) = -3*s**2 + 5*s - 6. Let p(w) = w**2 - 2*w + 2. Let c(f) = 2*h(f) + 7*p(f). Determine c(g).
7
Let i(s) = -s**2 - 3*s + 14. Let g be i(-4). Let v(d) = d**3 - 10*d**2 - 2*d + 10. Determine v(g).
-10
Let h(t) be the first derivative of -t**4/4 - 8*t**3/3 - 3*t**2/2 + 2*t - 1. Let o(d) = -d**3 + 2*d**2 - 8. Let r be o(2). Calculate h(r).
26
Let u(f) = 6*f**2 + 15*f + 5. Let p(s) = 5*s**2 + 14*s + 4. Let g(a) = -5*p(a) + 4*u(a). Calculate g(-7).
21
Suppose o = 2*o. Suppose o*h - 2*h = -4*x + 28, -68 = 4*h + 4*x. Let s = 16 + h. Let b(c) = c**2 - c + 11. What is b(s)?
11
Let n be (-6 - -4) + 10 + 1. Let q(r) = -3*r - n + 0*r + 4*r + 0*r. Let i be q(14). Let l(c) = -c**2 + 3*c + 7. What is l(i)?
-3
Let f(s) = -s**3 + 6*s**2 + 4*s + 2. Let c(a) = -2*a**3 - 21*a**2 - 8*a + 22. Let q be c(-10). Suppose 6 = q*t - t. Determine f(t).
26
Let j(c) be the third derivative of -c**5/60 - 7*c**4/24 - 7*c**3/3 + 12*c**2 - 13. Calculate j(-4).
-2
Let j(h) = -h + 13. Let s be (-2100)/(-120)*(-4)/5. What is j(s)?
27
Let l(x) = 41*x - 10. Let v(k) = -11*k + 1. Let g(t) = l(t) + 4*v(t). What is g(7)?
-27
Let v(q) be the first derivative of q**4/4 + 5*q**3/3 + 3*q**2 + 5*q - 86. Calculate v(-4).
-3
Let t be